{"id":15,"date":"2021-10-11T20:24:00","date_gmt":"2021-10-11T17:24:00","guid":{"rendered":"https:\/\/eliittikuitu.fi\/?page_id=15"},"modified":"2021-10-11T20:22:46","modified_gmt":"2021-10-11T17:22:46","slug":"valokuituverkko","status":"publish","type":"page","link":"https:\/\/eliittikuitu.fi\/?page_id=15","title":{"rendered":"Kellokosken valokuituosuuskunta"},"content":{"rendered":"\n<p>Kellokosken valokuituosuuskunta sai alkunsa vuonna 2016 aktiivisten kyl\u00e4l\u00e4isten toimesta. S\u00e4hk\u00f6yhti\u00f6 suunnitteli kaivuut\u00f6it\u00e4 ilmalinjojen upottamiseksi maahan. Her\u00e4si suunnitelma saada nopeat valokuituyhteydet samaan kaivantoon Kellokoskelta Linjam\u00e4elle suuntautuvalle alueelle, johon niit\u00e4 ei operaattoreiden taholta ollut kiinnostusta asentaa. Eik\u00e4 aikaakaan, kun aktiivit l\u00f6ysiv\u00e4t kaivettavan alueen \u00e4\u00e4relt\u00e4 38 taloutta, jotka yhdess\u00e4 toteuttivat avoimen valokuituverkkohankkeen.&nbsp;<\/p>\n\n\n\n<p>Osuuskunta Kellokosken valokuidut perustettiin 13.4.2016 tarkoituksenaan mahdollistaa nopeat ja toimintavarmat internetyhteydet osuuskunnan j\u00e4senille. Tarkoituksensa toteuttamiseksi osuuskunta yll\u00e4pit\u00e4\u00e4 ja kehitt\u00e4\u00e4 valokuituverkkoa ja siihen liittyvi\u00e4 palveluita Kellokoski-Linjam\u00e4ki alueella.<\/p>\n\n\n\n<p>Hankkeen suunnitteluvaiheessa sille haettiin ja saatiin ELY-keskuksen tukea.&nbsp;&nbsp;<\/p>\n\n\n\n<p>Osuuskunnan asioita hoitaa vuosittain valittava hallitus.&nbsp; Valokuituosuuskunnan j\u00e4senilt\u00e4 ker\u00e4t\u00e4\u00e4n maltillista verkko- ja yll\u00e4pitomaksua, jolla kustannetaan mahdolliset runkoverkon korjaus- tai huoltoty\u00f6t. Lis\u00e4ksi osuuskunta tuottaa palveluita j\u00e4senilleen. N\u00e4in osuuskunnan j\u00e4senten omistama verkko takaa toimivat yhteydet ja palvelut my\u00f6s jatkossa.&nbsp;<\/p>\n\n\n\n<p>T\u00e4ll\u00e4 hetkell\u00e4 Kellokosken valokuituosuuskunnassa on mukana 42 taloutta. Osuuskunnan runkoverkko kattaa kaikkiaan kuusi kilometri\u00e4, josta alkuper\u00e4inen viiden kilometrin pituinen runkoverkko kulkee Vanhan Valtatien ja Kellokoskentien risteyksest\u00e4 Linjam\u00e4keen saakka. Vuonna 2021 runkoverkkoa laajennettiin kilometrin verran Kellokoskentien risteyksest\u00e4 Nuppulinnantielle.<\/p>\n\n\n\n<p>Kysynn\u00e4n ja tarpeen mukaan osuuskunnan hallitus ty\u00f6skentelee verkon kehitt\u00e4miseksi ja laajentamiseksi valittujen kumppanien kanssa.<\/p>\n\n\n\n<h2 class=\"wp-block-heading\">Dokumentteja:<\/h2>\n\n\n\n<p>Osuuskunnan hinnasto: <a href=\"https:\/\/eliittikuitu.fi\/wp-content\/uploads\/2021\/03\/OKV-Hinnasto.pdf\" target=\"_blank\" rel=\"noreferrer noopener\">https:\/\/eliittikuitu.fi\/wp-content\/uploads\/2021\/03\/OKV-Hinnasto.pdf<\/a><\/p>\n\n\n\n<p>Osuuskunnan  s\u00e4\u00e4nn\u00f6t: <a href=\"https:\/\/eliittikuitu.fi\/wp-content\/uploads\/2021\/03\/OKV_Saannot_1.0.pdf\" target=\"_blank\" rel=\"noreferrer noopener\">https:\/\/eliittikuitu.fi\/wp-content\/uploads\/2021\/03\/OKV_Saannot_1.0.pdf<\/a><\/p>\n\n\n\n<p>Liittym\u00e4n siirto:  <a rel=\"noreferrer noopener\" href=\"https:\/\/eliittikuitu.fi\/wp-content\/uploads\/2021\/03\/2020-Osuuden-siirto-kaavake-v1-1.pdf\" target=\"_blank\">https:\/\/eliittikuitu.fi\/wp-content\/uploads\/2021\/03\/2020-Osuuden-siirto-kaavake-v1-1.pdf<\/a><\/p>\n\n\n\n<p><\/p>\n\n\n\n<h3 class=\"wp-block-heading\">Liittym\u00e4n siirt\u00e4minen kiinteist\u00f6n uudelle omistajalle<\/h3>\n\n\n\n<p>Valokuituosuuskunnan osakkuus voidaan siirt\u00e4\u00e4&nbsp;uudelle kiinteist\u00f6n omistajalle, jotta h\u00e4nell\u00e4 on oikeus k\u00e4ytt\u00e4\u00e4 osuuskunnan hallinnoimaa valokuitua. Mik\u00e4li uusi omistaja ei ole halukas vastaanottamaan osuuskunnan j\u00e4senyyden siirtoa, nykyinen omistaja voi erota osuuskunnasta ilmoittamalla eroamisesta&nbsp;osuuskunnan s\u00e4hk\u00f6postiin. T\u00e4ll\u00f6in omistajalle palautetaan osuusmaksu (60e) ja h\u00e4n vapautuu kaikista velvotteista osuuskunnan suuntaan. Mik\u00e4li uusi kiinteist\u00f6n omistaja ei halua vastaanottaa osuuden siirtoa, h\u00e4n&nbsp;menett\u00e4\u00e4 my\u00f6s&nbsp;oikeuden k\u00e4ytt\u00e4\u00e4 valokuitua. Mik\u00e4li h\u00e4n my\u00f6hemmin haluaa ottaa valokuidun k\u00e4ytt\u00f6\u00f6n, joutuu h\u00e4n&nbsp;liittym\u00e4\u00e4n osuuskuntaan uutena j\u00e4senen\u00e4.<\/p>\n\n\n\n<p>J\u00e4senyyden siirt\u00e4minen onnistuu uuden ja vanhan osakkaan s\u00e4hk\u00f6isell\u00e4 allekirjoituksella&nbsp;j\u00e4senyyden siirtolomakeelle. J\u00e4senyyden siirtoon ei liity kustannuksia. Lomakemalli l\u00f6ytyy alta.<\/p>\n","protected":false},"excerpt":{"rendered":"<p>Kellokosken valokuituosuuskunta sai alkunsa vuonna 2016 aktiivisten kyl\u00e4l\u00e4isten toimesta. S\u00e4hk\u00f6yhti\u00f6 suunnitteli kaivuut\u00f6it\u00e4 ilmalinjojen upottamiseksi maahan. Her\u00e4si suunnitelma saada nopeat valokuituyhteydet samaan kaivantoon Kellokoskelta Linjam\u00e4elle suuntautuvalle alueelle, johon niit\u00e4 ei operaattoreiden taholta ollut kiinnostusta asentaa. Eik\u00e4 aikaakaan, kun aktiivit l\u00f6ysiv\u00e4t kaivettavan alueen \u00e4\u00e4relt\u00e4 38 taloutta, jotka yhdess\u00e4 toteuttivat avoimen valokuituverkkohankkeen.&nbsp; Osuuskunta Kellokosken valokuidut perustettiin 13.4.2016 tarkoituksenaan [&hellip;]<\/p>\n","protected":false},"author":1,"featured_media":18,"parent":0,"menu_order":0,"comment_status":"closed","ping_status":"closed","template":"","meta":{"footnotes":""},"class_list":["post-15","page","type-page","status-publish","has-post-thumbnail","hentry"],"_links":{"self":[{"href":"https:\/\/eliittikuitu.fi\/index.php?rest_route=\/wp\/v2\/pages\/15","targetHints":{"allow":["GET"]}}],"collection":[{"href":"https:\/\/eliittikuitu.fi\/index.php?rest_route=\/wp\/v2\/pages"}],"about":[{"href":"https:\/\/eliittikuitu.fi\/index.php?rest_route=\/wp\/v2\/types\/page"}],"author":[{"embeddable":true,"href":"https:\/\/eliittikuitu.fi\/index.php?rest_route=\/wp\/v2\/users\/1"}],"replies":[{"embeddable":true,"href":"https:\/\/eliittikuitu.fi\/index.php?rest_route=%2Fwp%2Fv2%2Fcomments&post=15"}],"version-history":[{"count":20,"href":"https:\/\/eliittikuitu.fi\/index.php?rest_route=\/wp\/v2\/pages\/15\/revisions"}],"predecessor-version":[{"id":187,"href":"https:\/\/eliittikuitu.fi\/index.php?rest_route=\/wp\/v2\/pages\/15\/revisions\/187"}],"wp:featuredmedia":[{"embeddable":true,"href":"https:\/\/eliittikuitu.fi\/index.php?rest_route=\/wp\/v2\/media\/18"}],"wp:attachment":[{"href":"https:\/\/eliittikuitu.fi\/index.php?rest_route=%2Fwp%2Fv2%2Fmedia&parent=15"}],"curies":[{"name":"wp","href":"https:\/\/api.w.org\/{rel}","templated":true}]}}